38056 (base 9) in base 6?
4202253
What is 283742 (base 9) in base 7?
1321322
Convert -11138172 (base 9) to base 11.
-3058491
-272753 (base 8) to base 15
-1d568
11000010001010010101 (base 2) to base 10
795285
What is -7978a (base 12) in base 6?
-3245054
Convert -100101210012111 (base 3) to base 8.
-23034270
109ce (base 15) to base 8
147154
What is -748536 (base 9) in base 13?
-127c29
-11804ca (base 15) to base 12
-425630a
-2ccd5 (base 15) to base 10
-144650
-18c054 (base 15) to base 14
-2351a2
What is 333419 (base 14) in base 12?
6b9793
1c82e (base 16) to base 9
187167
Convert 11120222101 (base 3) to base 10.
90379
22682e (base 15) to base 11
a21803
What is -10111011110000001 (base 2) in base 11?
-66250
6302853 (base 11) to base 14
169514b
Convert -27755 (base 9) to base 16.
-499a
What is 5b344 (base 15) in base 6?
10123101
What is -376401 (base 8) in base 13?
-47406
14648c (base 16) to base 7
14234246
What is 3043a4 (base 11) in base 2?
1110111010111111010
What is 75356 (base 13) in base 12?
a2482
What is -1609883 (base 10) in base 8?
-6110233
Convert -372652 (base 10) to base 4.
-1122332230
Convert 20021103123 (base 4) to base 11.
1229285
-200121122220 (base 3) to base 5
-43211231
Convert 25230 (base 6) to base 3.
12011100
What is -12302234 (base 5) in base 13?
-42272
-1023031303 (base 4) to base 12
-12a357
-360653 (base 7) to base 15
-1448e
Convert -b8ad (base 16) to base 13.
-18699
452c9a (base 14) to base 11
1366673
-667110 (base 14) to base 9
-6478315
b29022 (base 13) to base 11
2392370
1554736 (base 9) to base 12
357513
What is -38b597 (base 14) in base 9?
-3604686
395684 (base 10) to base 7
3235412
Convert -e58ed (base 15) to base 9.
-1328127
What is -1363650 (base 7) in base 15?
-39709
What is 760923 (base 10) in base 3?
1102122210100
-201011211 (base 3) to base 13
-6496
78102 (base 10) to base 5
4444402
Convert 9d40f1 (base 16) to base 10.
10305777
5e9426 (base 15) to base 16
453a68
What is 25758564 (base 9) in base 12?
42b34aa
What is -6b7262 (base 13) in base 3?
-11210221112121
38d147 (base 15) to base 4
22121311330
Convert -6006353 (base 8) to base 13.
-43255c
-45026044 (base 7) to base 14
-73355b
-11320082 (base 9) to base 11
-311a891
What is -c82b (base 16) in base 13?
-1a42a
What is -1041220532 (base 6) in base 8?
-52754750
-16578288 (base 9) to base 5
-4112200421
-5265366 (base 7) to base 3
-1012102102010
What is a14271 (base 11) in base 16?
18e24b
What is 5652140 (base 10) in base 4?
111203322230
Convert -4004132 (base 5) to base 13.
-22905
-105a367 (base 15) to base 9
-23868517
223510412 (base 6) to base 10
4099400
Convert -65212377 (base 8) to base 2.
-110101010001010011111111
Convert 2034532 (base 6) to base 13.
3595a
What is -119218 (base 16) in base 5?
-243322022
What is -1100014 (base 9) in base 13?
-178a14
-2033 (base 15) to base 10
-6798
What is -552942 (base 10) in base 11?
-348485
What is -15656452 (base 8) in base 10?
-3628330
Convert -9a342 (base 15) to base 14.
-ca880
What is 323742 (base 9) in base 13?
69b4b
What is -21102122000110 (base 3) in base 7?
-45365064
Convert 1263306 (base 8) to base 5.
42311430
432014 (base 7) to base 16
12578
What is -11213223321 (base 5) in base 11?
-7149370
What is 402c (base 14) in base 10?
11016
1342467 (base 11) to base 4
20311203101
Convert 374413 (base 12) to base 11.
564600
Convert -22332110 (base 4) to base 16.
-af94
What is 96946 (base 10) in base 7?
552433
What is 7b9b (base 13) in base 5?
1023431
What is 1030700 (base 8) in base 3?
111222001202
-129598 (base 10) to base 12
-62bba
Convert 94997d (base 15) to base 2.
11010111101111011010001
Convert -1d5c39 (base 16) to base 8.
-7256071
Convert -132024 (base 7) to base 12.
-12376
What is 31051543 (base 6) in base 10?
893367
-2b8845 (base 14) to base 4
-11303202031
What is 221231121 (base 4) in base 12?
82a49
What is 4335364 (base 9) in base 5?
1043422130
-110157 (base 12) to base 5
-32113104
16a404 (base 14) to base 15
10b033
What is 712293 (base 10) in base 12?
2a4259
-1d878 (base 15) to base 16
-1789d
110303102 (base 4) to base 5
10211302
What is 334641 (base 7) in base 8?
163667
What is 2a6276 (base 14) in base 15?
1e2863
What is -1431672 (base 8) in base 12?
-177276
13233300 (base 4) to base 14
b7c4
-1414012413 (base 5) to base 15
-4c3958
Convert -225430 (base 10) to base 2.
-110111000010010110
Convert -266703 (base 8) to base 16.
-16dc3
Convert -1122102122121 (base 3) to base 8.
-3254062
Convert -629046 (base 11) to base 12.
-407141
-100101010100001011 (base 2) to base 6
-3135335
Convert 10121021200010 (base 3) to base 14.
37bb87
What is 2a4847 (base 14) in base 2?
101100111011110011111
What is -3100000 (base 4) in base 14?
-4bcc
Convert -388823 (base 11) to base 7.
-5126013
-b505 (base 12) to base 15
-5ca8
93652 (base 10) to base 2
10110110111010100
2925a (base 16) to base 3
22120012011
Convert -14945 (base 12) to base 11.
-1a871
1001001111110111011000 (base 2) to base 7
26414605
What is -1745045 (base 8) in base 16?
-7ca25
-84a66b (base 13) to base 10
-3107661
Convert -555115 (base 6) to base 10.
-46487
Convert -2140122020 (base 5) to base 10.
-4614010
422745 (base 8) to base 13
4c0c9
Convert -1ab04c9 (base 13) to base 4.
-201301303133
What is -110101100001110010 (base 2) in base 9?
-363671
What is 891c48 (base 13) in base 15?
43c803
What is -51e0e (base 16) in base 2?
-1010001111000001110
What is 1252013 (base 7) in base 6?
3303032
1105333 (base 6) to base 10
55641
Convert -264887 (base 10) to base 3.
-111110100122
What is 1140663 (base 7) in base 12?
6b693
What is -174001 (base 10) in base 3?
-22211200111
What is -23441 (base 9) in base 12?
-909a
3561160 (base 7) to base 8
1562356
Convert 59743 (base 11) to base 13.
30245
Convert -101011000011011111 (base 2) to base 9.
-287815
-c9e43 (base 16) to base 2
-11001001111001000011
Convert 503a3 (base 13) to base 16.
23055
Convert -2126030 (base 10) to base 11.
-1222355
5bb49 (base 13) to base 7
1302253
Convert b88d4 (base 16) to base 5.
143142144
What is 53239d (base 16) in base 9?
11224065
Convert -253a532 (base 14) to base 2.
-1000100010000001001000000
What is -696889 (base 11) in base 13?
-2c9c07
1be7c (base 15) to base 11
62423
Convert 29eb7 (base 16) to base 2.
101001111010110111
Convert 18e773 (base 16) to base 12.
668617
Convert 2513441 (base 6) to base 14.
36d33
Convert 11303202213 (base 4) to base 13.
4138bc
What is -1563436 (base 9) in base 12?
-35a7b0
Convert -1e6e68 (base 16) to base 13.
-54a9b1
Convert -2101110221021 (base 3) to base 7.
-13534060
-2071bab (base 12) to base 7
-103011131
What is 1bb172 (base 12) in base 8?
1711046
787616 (base 12) to base 6
105100030
12111220021 (base 3) to base 7
631315
What is -8cb406 (base 13) in base 8?
-14567305
10542808 (base 10) to base 4
220031323120
What is 42296a6 (base 11) in base 7?
120220266
What is -3ae657 (base 16) in base 3?
-21021010000000
-2444245 (base 6) to base 15
-28a45
What is 42185 (base 10) in base 2?
1010010011001001
What is 262116 (base 9) in base 4?
212310222
-221c74 (base 13) to base 3
-1111211220211
-5377307 (base 8) to base 7
-15152364
Convert 2312101000 (base 4) to base 7.
6226363
-10134111432 (base 5) to base 6
-1012044325
What is -543235424 (base 6) in base 16?
-93ae88
Convert 163690 (base 12) to base 10.
379404
-319a4a (base 12) to base 16
-bf79a
What is 1205684 (base 9) in base 5?
131404441
Convert -1021202110121 (base 3) to base 4.
-2213001232
Convert -210022020102 (base 3) to base 16.
-66614
What is -20210111000 (base 3) in base 5?
-13240013
Convert -5649544 (base 12) to base 5.
-13212202210
-1311521 (base 6) to base 12
-355a1
What is 120002202020111 (base 3) in base 5?
4023310421
What is -316076 (base 10) in base 7?
-2454335
What is 123232303113 (base 4) in base 10?
7269591
Convert 132211144 (base 6) to base 9.
4847441
Convert 3099236 (base 10) to base 7.
35225450
What is 76248 (base 14) in base 4?
1011302020
Convert 5185 (base 13) to base 4.
2233333
Convert -126126 (base 11) to base 7.
-1454424
Convert -1011011100100000111 (base 2) to base 5.
-44000142
Convert -1818718 (base 12) to base 9.
-10378432
What is -412003 (base 7) in base 11?
-48916
Convert -2253105 (base 6) to base 5.
-12203113
-1321670 (base 8) to base 2
-1011010001110111000
Convert 3304424434 (base 5) to base 11.
4015487
